t is -2 - -282944ba?
282944b8
In base 2, what is -1011001101 - 101100011011?
-110111101000
In base 6, what is -242113110 + 0?
-242113110
In base 14, what is 5 - -13055d8?
13055dd
In base 11, what is -1529137 + 0?
-1529137
In base 8, what is -44645 - 130?
-44775
In base 2, what is -11101111 + 1100110000001111?
1100101100100000
In base 16, what is 44074da - -4?
44074de
In base 4, what is -221013 - 13113202?
-20000221
In base 12, what is 70 - ba61b?
-ba56b
In base 2, what is 1 - -101000100100010011110101010?
101000100100010011110101011
In base 14, what is -2dd - -60b0?
5bb1
In base 2, what is -100011001111011100 + 1010001?
-100011001110001011
In base 3, what is 1210012122010221 - -12?
1210012122011010
In base 13, what is 3 + -214079?
-214076
In base 5, what is -3000421 - 203113?
-3204034
In base 12, what is 4 + -1a62a7?
-1a62a3
In base 9, what is -2841658 + 106?
-2841552
In base 8, what is -257 + -1354025?
-1354304
In base 3, what is 101210201200111002 - -11?
101210201200111020
In base 5, what is 1203221 + -241123?
412043
In base 3, what is -11121 + 10021010100102?
10021010011211
In base 5, what is -22 + 103241320?
103241243
In base 2, what is -1101 + -10100101101110011100?
-10100101101110101001
In base 5, what is 10014314303 + 10?
10014314313
In base 3, what is -122020121211011 - -12?
-122020121210222
In base 15, what is 0 - 1a3cd723?
-1a3cd723
In base 11, what is 256643 - 216?
256428
In base 6, what is -5254334 + 344?
-5253550
In base 5, what is -2122204200 + 11?
-2122204134
In base 4, what is -102300 + -1203310202?
-1210013102
In base 6, what is -323250450 - -4?
-323250442
In base 14, what is -3 + -5328cd?
-5328d2
In base 5, what is 10234310 - -2432?
10242242
In base 5, what is 43041 + -20122?
22414
In base 5, what is 20102 - 4313211?
-4243104
In base 12, what is 120649 - -102?
12074b
In base 6, what is -20 - 5030221512?
-5030221532
In base 9, what is 3 + -452458773?
-452458770
In base 2, what is 100 - 10011110001101111000110?
-10011110001101111000010
In base 4, what is -312332 - -111302011?
110323013
In base 13, what is c27 - 472?
785
In base 4, what is -2200 - 1020002300?
-1020011100
In base 16, what is 4 + 1a194?
1a198
In base 10, what is -11 + 228658?
228647
In base 13, what is -17368 + -905?
-17c70
In base 2, what is 100010001000101 - 1011110010001?
10110010110100
In base 8, what is -23526 + 7077?
-14427
In base 12, what is 6b2 + ab858?
b034a
In base 16, what is -3ff20b15 + 3?
-3ff20b12
In base 15, what is -976 - -3598?
2b22
In base 8, what is -13322 + -2430?
-15752
In base 4, what is 3 + 23203223232?
23203223301
In base 11, what is -2 - -a35786?
a35784
In base 15, what is -641d7d + -4?
-641d82
In base 12, what is -513 + -a473a?
-a5051
In base 3, what is -1012012211210 - -12102?
-1012012122101
In base 3, what is 2200 + -2211202120211?
-2211202111011
In base 12, what is -206 + 63503b?
634a35
In base 14, what is 5a2d + 4528?
a157
In base 3, what is 101012211001 + 2?
101012211010
In base 15, what is 67 + -4b31b2?
-4b314a
In base 13, what is -1 - -1061674a?
10616749
In base 4, what is -3021221231 - 33?
-3021221330
In base 3, what is -202002 + 10012211021?
10012002012
In base 5, what is -1024 - -230?
-244
In base 5, what is -3022241142 - 1?
-3022241143
In base 4, what is 12012 - 2000213012?
-2000201000
In base 16, what is -3674 - -361?
-3313
In base 2, what is -111100110101010110100 + -10?
-111100110101010110110
In base 3, what is -1212001111122 + 1020?
-1212001110102
In base 10, what is -1 + 673130?
673129
In base 2, what is 0 + 10111001111100010101000?
10111001111100010101000
In base 3, what is -111010 - 1121220?
-2010000
In base 16, what is -151e + 3f5?
-1129
In base 6, what is 13310202 + -13?
13310145
In base 13, what is -40 + -135c2?
-13632
In base 6, what is -120 - 14503240?
-14503400
In base 16, what is -1128242 - 24?
-1128266
In base 5, what is 4303211221 - 3?
4303211213
In base 13, what is 2705 - a66b?
-7c66
In base 15, what is 41 - -44bab?
44bec
In base 6, what is 11 + -5451305553?
-5451305542
In base 6, what is 14232 + -553250?
-535014
In base 6, what is 15125214 - -12?
15125230
In base 8, what is -34 + -2322754?
-2323010
In base 9, what is 71 + -268217?
-268136
In base 10, what is 86734895 + 0?
86734895
In base 9, what is 134355 - -567?
135033
In base 8, what is -433 + 1021406?
1020753
In base 7, what is -66122004 - 23?
-66122030
In base 7, what is -44 + -1656636?
-1660013
In base 7, what is 326646 - -16135?
346114
In base 16, what is -94f - 0?
-94f
In base 7, what is 5 - -1133336?
1133344
In base 2, what is 100 - -1000000011001111100011?
1000000011001111100111
In base 14, what is 951c6 - -797?
9597d
In base 6, what is -1105351520 + 21?
-1105351455
In base 2, what is -100 - 1000000111101011101000?
-1000000111101011101100
In base 14, what is 28c46c + -2?
28c46a
In base 7, what is 451320204 + -5?
451320166
In base 2, what is 1110000111001111011000 - 10101?
1110000111001111000011
In base 4, what is -1200123002 - -130?
-1200122212
In base 3, what is -12210111110 + 10001?
-12210101102
In base 12, what is -5731 - 3732?
-9263
In base 7, what is -506145 - -151?
-505664
In base 11, what is -15221 + -478?
-15699
In base 7, what is -5145 - -122631?
114453
In base 8, what is 2 + 20523107?
20523111
In base 8, what is -4756 + -1204?
-6162
In base 12, what is -4a67b9 + 2?
-4a67b7
In base 7, what is 53200060 - 24?
53200033
In base 8, what is 0 - 11335676?
-11335676
In base 3, what is -212202102 - 2200210?
-222110012
In base 14, what is 4c37856 + 0?
4c37856
In base 11, what is 2125309 - 1?
2125308
In base 2, what is -10011101010110101100 + -1000010?
-10011101010111101110
In base 2, what is -110101000110010110111010101 + -10?
-110101000110010110111010111
In base 13, what is 261a91 - 776?
261318
In base 7, what is 0 + 1554532664?
1554532664
In base 11, what is 1 - 158a904?
-158a903
In base 5, what is 4111201 - 22?
4111124
In base 11, what is 2222 + -5a?
2173
In base 9, what is 3 - -70075124?
70075127
In base 11, what is 3168a8549 + 4?
3168a8552
In base 7, what is -4 + -31503362?
-31503366
In base 16, what is -4f431 + -4?
-4f435
In base 13, what is 3 - 7b8936?
-7b8933
In base 4, what is 2031332 - 102132?
1323200
In base 5, what is 3133114 + -40?
3133024
In base 3, what is 1 + 1001122122211201?
1001122122211202
In base 14, what is 5 + 2341da12?
2341da17
In base 8, what is -2 + -25460740?
-25460742
In base 16, what is -3 - -680d84e?
680d84b
In base 5, what is -14423424024 - 11?
-14423424040
In base 11, what is -129277 - 50?
-129317
In base 12, what is 295b51 + 460?
2963b1
In base 5, what is -1 - -204120440?
204120434
In base 11, what is -1514221 + -49?
-151426a
In base 2, what is 1001010111100 + 110111101010?
10000010100110
In base 8, what is 7 - 215164?
-215155
In base 13, what is -34b - -1c3ac?
1c061
In base 4, what is -23 + 1230000013020?
1230000012331
In base 8, what is -44701440 - -7?
-44701431
In base 16, what is -ddaddc8 + -5?
-ddaddcd
In base 8, what is 3 - -7250405?
7250410
In base 3, what is -1012012102111 - 1?
-1012012102112
In base 5, what is 240332233221 + -2?
240332233214
In base 8, what is -1734400 + 2?
-1734376
In base 16, what is -141 - -519a?
5059
In base 14, what is -140272 + -1c3?
-140455
In base 7, what is -1546015 - 231?
-1546246
In base 12, what is 1303 + -690b3?
-679b0
In base 14, what is 3529 + -4330?
-c05
In base 16, what is 1 - 232de3?
-232de2
In base 12, what is 7252778 - 6?
7252772
In base 9, what is 7203 - 21715?
-13512
In base 15, what is c5637 + 1?
c5638
In base 9, what is 2 + 4001744?
4001746
In base 4, what is 303302201 + 31000?
303333201
In base 16, what is e15fa8 - 1?
e15fa7
In base 9, what is -21 - 80623?
-80644
In base 11, what is 6 + -5309019?
-5309013
In base 12, what is -2232a + 341?
-21ba9
In base 6, what is -221 - 2322541344?
-2322542005
In base 12, what is -3 + -6286509?
-6286510
In base 11, what is 68 - 100950?
-100893
In base 5, what is 2221 + -2303322?
-2301101
In base 3, what is 1001221 + 1200011012?
1201020010
In base 6, what is 101444 + 5101?
110545
In base 7, what is -6 + -2220001?
-2220010
In base 13, what is -37ba58 - -9?
-37ba4c
In base 12, what is 7a33b8 - 217?
7a31a1
In base 4, what is -1 - 132021010332?
-132021010333
In base 4, what is -2100 + -10300010?
-10302110
In base 11, what is -10 + 11